{"id":14,"date":"2013-09-04T13:00:35","date_gmt":"2013-09-04T13:00:35","guid":{"rendered":"http:\/\/cnmmassage.se\/?page_id=14"},"modified":"2025-01-06T12:53:21","modified_gmt":"2025-01-06T12:53:21","slug":"utbildning","status":"publish","type":"page","link":"https:\/\/cnmmassage.se\/?page_id=14","title":{"rendered":"Utbildning i CNM-Massage"},"content":{"rendered":"\n<p>Vi erbjuder tv\u00e5 typer av utbildningar i CNM-massage. En grundl\u00e4ggande utbildning som str\u00e4cker sig upp till ett \u00e5rs studier och en intensivkurs f\u00f6r terapeuter.<\/p>\n\n\n<h1>1. Yrkesutbildning i CNM-massage<\/h1>\n<p><a href=\"https:\/\/i0.wp.com\/cnmmassage.se\/wp-content\/uploads\/2013\/09\/Aku-Lieque.jpg\"><img data-recalc-dims=\"1\" loading=\"lazy\" decoding=\"async\" class=\" wp-image-51 alignleft\" style=\"margin: 10px;\" src=\"https:\/\/i0.wp.com\/cnmmassage.se\/wp-content\/uploads\/2013\/09\/Aku-Lieque-150x150.jpg?resize=201%2C201\" alt=\"Aku Lieque\" width=\"201\" height=\"201\" srcset=\"https:\/\/i0.wp.com\/cnmmassage.se\/wp-content\/uploads\/2013\/09\/Aku-Lieque.jpg?resize=150%2C150&amp;ssl=1 150w, https:\/\/i0.wp.com\/cnmmassage.se\/wp-content\/uploads\/2013\/09\/Aku-Lieque.jpg?zoom=2&amp;resize=201%2C201&amp;ssl=1 402w, https:\/\/i0.wp.com\/cnmmassage.se\/wp-content\/uploads\/2013\/09\/Aku-Lieque.jpg?zoom=3&amp;resize=201%2C201&amp;ssl=1 603w\" sizes=\"auto, (max-width: 201px) 100vw, 201px\" \/><\/a><\/p>\n<p>Yrkesutbildningen till diplomerad CNM-terapeut \u00e4r uppbyggd p\u00e5 ett antal kursmoduler, likas\u00e5 att du har gymnasiekompetens. Erbjudna kursmoduler inneh\u00e5ller all kunskapsmassa som du beh\u00f6ver f\u00f6r att bli en efterfr\u00e5gad terapeut. Beh\u00f6ver du f\u00f6rdjupa dig i anatomiska detaljer, kan du kostnadsfritt v\u00e4lja till kompendier inneh\u00e5llandes skelett och muskler. Tentamina omfattar \u00e4ven fr\u00e5gor som \u00e4r grundl\u00e4ggande kunskap f\u00f6r en praktiserande CNM-terapeut. Praktisk tr\u00e4ning sker med hj\u00e4lp av en utf\u00f6rlig instruktions DVD.<\/p>\n<h3>Studieplanen inneh\u00e5ller f\u00f6ljande block:<\/h3>\n<p><strong>CNM 1: <\/strong>cirkulationssystemen, teori och praktik, allm\u00e4n nervl\u00e4ra och muskelsystemen<\/p>\n<p><strong>CNM 2<\/strong>: energier-cellen och organ, TFT-tankef\u00e4ltstr\u00e4ning, biologisk medicin, skelett och bindv\u00e4v<\/p>\n<p><strong>CNM 3<\/strong>: f\u00f6rdjupad nervl\u00e4ra, neuroendokrina systemet, \u00a0immunf\u00f6rsvaret, matsm\u00e4ltningen och \u00e4mnesoms\u00e4ttningen<\/p>\n<p><strong>CNM 4<\/strong>: sambanden mellan hj\u00e4rna-psyke och kroppsliga kompensationer, vaccinationer &#8211; en genomg\u00e5ng, \u00e4rftlighet<\/p>\n<p>K<strong>urskostnad<\/strong>: skr 7500:- inkl moms per kursavsnitt. Faktureras med 10 dagar netto.<\/p>\n<p><strong>Tilldelad tid i normalfall \u00e4r 3 m\u00e5naders instudering per kursavsnitt. Kan vid behov f\u00f6rl\u00e4ngas, du m\u00e5ste avsluta dina studier senast efter 1\u00bd \u00e5r f\u00f6r att f\u00e5 godk\u00e4nt, det enda betyget som ges.<\/strong><\/p>\n<h1><b>2.\u00a0<\/b><strong>Intensivkurs f\u00f6r terapeuter<\/strong><\/h1>\n<p>M\u00e5lgruppen f\u00f6r kursen \u00e4r terapeuter som redan har en utbildning i n\u00e5gon massageform och grundl\u00e4gg-ande k\u00e4nnedom i anatomi och fysiologi. Utbildningen \u00e4r godk\u00e4nd av Svenska Friskv\u00e5rdsf\u00f6rbundet som kr\u00e4ver n\u00e4mnd grundniv\u00e5 f\u00f6r sitt godk\u00e4nnande. F\u00f6r att bli en fullfj\u00e4drad CNM-terapeut, beh\u00f6vas n\u00e4st n\u00e4mnda kunskaper, en rad kriterier f\u00f6r att f\u00f6rst\u00e5 sjukdomar ur ett ekologiskt perspektiv.<\/p>\n<p>Kursen best\u00e5r av tv\u00e5 kompendier som l\u00e4ses in och tentas av p\u00e5 n\u00e4tet. Kostnad 7500:-inkl moms per kurssteg. En utf\u00f6rlig instruktions DVD ligger till grund f\u00f6r din egentr\u00e4ning i massagemetoden. En intensiv fyradagarstr\u00e4ff i Trollh\u00e4ttan \u00e4r basen f\u00f6r finslipning av tekniken. Samtidigt g\u00e5r vi igenom kompendierna f\u00f6r praktisk f\u00f6rst\u00e5else av inneh\u00e5llet.<\/p>\n<h1><strong>V\u00e4lkommen som n\u00e4tstudent!&#8221;<\/strong><\/h1>\n<h3>\u00a0<\/h3>\n<h3>Best\u00e4ll prospekt med mer information<\/h3>\n<p>[easy_sign_up]<\/p>\n\n\n<p><\/p>\n","protected":false},"excerpt":{"rendered":"<p>Vi erbjuder tv\u00e5 typer av utbildningar i CNM-massage. En grundl\u00e4ggande utbildning som str\u00e4cker sig upp till ett \u00e5rs studier och en intensivkurs f\u00f6r terapeuter. 1. Yrkesutbildning i CNM-massage Yrkesutbildningen till [&hellip;]<\/p>\n","protected":false},"author":1,"featured_media":0,"parent":0,"menu_order":0,"comment_status":"open","ping_status":"open","template":"","meta":{"jetpack_post_was_ever_published":false,"footnotes":""},"class_list":["post-14","page","type-page","status-publish","hentry"],"jetpack_sharing_enabled":true,"jetpack_shortlink":"https:\/\/wp.me\/P3SE73-e","_links":{"self":[{"href":"https:\/\/cnmmassage.se\/index.php?rest_route=\/wp\/v2\/pages\/14","targetHints":{"allow":["GET"]}}],"collection":[{"href":"https:\/\/cnmmassage.se\/index.php?rest_route=\/wp\/v2\/pages"}],"about":[{"href":"https:\/\/cnmmassage.se\/index.php?rest_route=\/wp\/v2\/types\/page"}],"author":[{"embeddable":true,"href":"https:\/\/cnmmassage.se\/index.php?rest_route=\/wp\/v2\/users\/1"}],"replies":[{"embeddable":true,"href":"https:\/\/cnmmassage.se\/index.php?rest_route=%2Fwp%2Fv2%2Fcomments&post=14"}],"version-history":[{"count":18,"href":"https:\/\/cnmmassage.se\/index.php?rest_route=\/wp\/v2\/pages\/14\/revisions"}],"predecessor-version":[{"id":4748,"href":"https:\/\/cnmmassage.se\/index.php?rest_route=\/wp\/v2\/pages\/14\/revisions\/4748"}],"wp:attachment":[{"href":"https:\/\/cnmmassage.se\/index.php?rest_route=%2Fwp%2Fv2%2Fmedia&parent=14"}],"curies":[{"name":"wp","href":"https:\/\/api.w.org\/{rel}","templated":true}]}}